{"version":"1.0","provider_name":"A2C | Association des Agences de Communication Cr\u00e9ative","provider_url":"https:\/\/a2c.quebec\/en\/","author_name":"A2C | Association des Agences de Communication Cr\u00e9ative","author_url":"https:\/\/a2c.quebec\/en\/","title":"\u00c0 surveiller dans les m\u00e9dias en 2022 (COMPLET) - A2C | Association des Agences de Communication Cr\u00e9ative","type":"rich","width":600,"height":338,"html":"<blockquote class=\"wp-embedded-content\" data-secret=\"q0EIuXJIKO\"><a href=\"https:\/\/a2c.quebec\/en\/evenements\/a-surveiller-dans-les-medias-en-2022-complet\/\">\u00c0 surveiller dans les m\u00e9dias en 2022 (COMPLET)<\/a><\/blockquote><iframe sandbox=\"allow-scripts\" security=\"restricted\" src=\"https:\/\/a2c.quebec\/en\/evenements\/a-surveiller-dans-les-medias-en-2022-complet\/embed\/#?secret=q0EIuXJIKO\" width=\"600\" height=\"338\" title=\"&#8220;\u00c0 surveiller dans les m\u00e9dias en 2022 (COMPLET)&#8221; &#8212; A2C | Association des Agences de Communication Cr\u00e9ative\" data-secret=\"q0EIuXJIKO\" frameborder=\"0\" marginwidth=\"0\" marginheight=\"0\" scrolling=\"no\" class=\"wp-embedded-content\"><\/iframe><script type=\"text\/javascript\">\n\/* <![CDATA[ *\/\n\/*! This file is auto-generated *\/\n!function(d,l){\"use strict\";l.querySelector&&d.addEventListener&&\"undefined\"!=typeof URL&&(d.wp=d.wp||{},d.wp.receiveEmbedMessage||(d.wp.receiveEmbedMessage=function(e){var t=e.data;if((t||t.secret||t.message||t.value)&&!\/[^a-zA-Z0-9]\/.test(t.secret)){for(var s,r,n,a=l.querySelectorAll('iframe[data-secret=\"'+t.secret+'\"]'),o=l.querySelectorAll('blockquote[data-secret=\"'+t.secret+'\"]'),c=new RegExp(\"^https?:$\",\"i\"),i=0;i<o.length;i++)o[i].style.display=\"none\";for(i=0;i<a.length;i++)s=a[i],e.source===s.contentWindow&&(s.removeAttribute(\"style\"),\"height\"===t.message?(1e3<(r=parseInt(t.value,10))?r=1e3:~~r<200&&(r=200),s.height=r):\"link\"===t.message&&(r=new URL(s.getAttribute(\"src\")),n=new URL(t.value),c.test(n.protocol))&&n.host===r.host&&l.activeElement===s&&(d.top.location.href=t.value))}},d.addEventListener(\"message\",d.wp.receiveEmbedMessage,!1),l.addEventListener(\"DOMContentLoaded\",function(){for(var e,t,s=l.querySelectorAll(\"iframe.wp-embedded-content\"),r=0;r<s.length;r++)(t=(e=s[r]).getAttribute(\"data-secret\"))||(t=Math.random().toString(36).substring(2,12),e.src+=\"#?secret=\"+t,e.setAttribute(\"data-secret\",t)),e.contentWindow.postMessage({message:\"ready\",secret:t},\"*\")},!1)))}(window,document);\n\/* ]]> *\/\n<\/script>\n","thumbnail_url":"https:\/\/a2c.quebec\/wp-content\/uploads\/2022\/03\/pexels-alex-green-5699456.jpg","thumbnail_width":1920,"thumbnail_height":1280,"description":"Quelles sont les tendances m\u00e9dia et les plateformes m\u00e9dia \u00e0 surveiller au cours des prochains mois? &nbsp; Cette formation permettra de mieux les cerner ainsi que les nouveaut\u00e9s pr\u00e9sentement sur le march\u00e9 et celles \u00e0 venir. Elle permettra aussi de comprendre leur influence respective et de miser sur celles-ci pour mettre en place des recommandations [&hellip;]"}

A2C | Association des Agences de Communication Créative

À surveiller dans les médias en 2022 (COMPLET) - A2C | Association des Agences de Communication Créative

<blockquote class="wp-embedded-content" data-secret="q0EIuXJIKO"><a href="https://a2c.quebec/en/evenements/a-surveiller-dans-les-medias-en-2022-complet/">À surveiller dans les médias en 2022 (COMPLET)</a></blockquote><iframe sandbox="allow-scripts" security="restricted" src="https://a2c.quebec/en/evenements/a-surveiller-dans-les-medias-en-2022-complet/embed/#?secret=q0EIuXJIKO" width="600" height="338" title="&#8220;À surveiller dans les médias en 2022 (COMPLET)&#8221; &#8212; A2C | Association des Agences de Communication Créative" data-secret="q0EIuXJIKO" frameborder="0" marginwidth="0" marginheight="0" scrolling="no" class="wp-embedded-content"></iframe><script type="text/javascript">
/* <![CDATA[ */
/*! This file is auto-generated */
!function(d,l){"use strict";l.querySelector&&d.addEventListener&&"undefined"!=typeof URL&&(d.wp=d.wp||{},d.wp.receiveEmbedMessage||(d.wp.receiveEmbedMessage=function(e){var t=e.data;if((t||t.secret||t.message||t.value)&&!/[^a-zA-Z0-9]/.test(t.secret)){for(var s,r,n,a=l.querySelectorAll('iframe[data-secret="'+t.secret+'"]'),o=l.querySelectorAll('blockquote[data-secret="'+t.secret+'"]'),c=new RegExp("^https?:$","i"),i=0;i<o.length;i++)o[i].style.display="none";for(i=0;i<a.length;i++)s=a[i],e.source===s.contentWindow&&(s.removeAttribute("style"),"height"===t.message?(1e3<(r=parseInt(t.value,10))?r=1e3:~~r<200&&(r=200),s.height=r):"link"===t.message&&(r=new URL(s.getAttribute("src")),n=new URL(t.value),c.test(n.protocol))&&n.host===r.host&&l.activeElement===s&&(d.top.location.href=t.value))}},d.addEventListener("message",d.wp.receiveEmbedMessage,!1),l.addEventListener("DOMContentLoaded",function(){for(var e,t,s=l.querySelectorAll("iframe.wp-embedded-content"),r=0;r<s.length;r++)(t=(e=s[r]).getAttribute("data-secret"))||(t=Math.random().toString(36).substring(2,12),e.src+="#?secret="+t,e.setAttribute("data-secret",t)),e.contentWindow.postMessage({message:"ready",secret:t},"*")},!1)))}(window,document);
/* ]]> */
</script>

Quelles sont les tendances média et les plateformes média à surveiller au cours des prochains mois? &nbsp; Cette formation permettra de mieux les cerner ainsi que les nouveautés présentement sur le marché et celles à venir. Elle permettra aussi de comprendre leur influence respective et de miser sur celles-ci pour mettre en place des recommandations [&hellip;]
