{"version":"1.0","provider_name":"A2C | Association des Agences de Communication Cr\u00e9ative","provider_url":"https:\/\/a2c.quebec\/en\/","author_name":"A2C | Association des Agences de Communication Cr\u00e9ative","author_url":"https:\/\/a2c.quebec\/en\/","title":"Assembl\u00e9e g\u00e9n\u00e9rale annuelle des membres de l'A2C - A2C | Association des Agences de Communication Cr\u00e9ative","type":"rich","width":600,"height":338,"html":"<blockquote class=\"wp-embedded-content\" data-secret=\"suSveKvWks\"><a href=\"https:\/\/a2c.quebec\/en\/evenements\/assemblee-generale-annuelle-des-membres-de-la2c\/\">Assembl\u00e9e g\u00e9n\u00e9rale annuelle des membres de l&#8217;A2C<\/a><\/blockquote><iframe sandbox=\"allow-scripts\" security=\"restricted\" src=\"https:\/\/a2c.quebec\/en\/evenements\/assemblee-generale-annuelle-des-membres-de-la2c\/embed\/#?secret=suSveKvWks\" width=\"600\" height=\"338\" title=\"&#8220;Assembl\u00e9e g\u00e9n\u00e9rale annuelle des membres de l&#8217;A2C&#8221; &#8212; A2C | Association des Agences de Communication Cr\u00e9ative\" data-secret=\"suSveKvWks\" frameborder=\"0\" marginwidth=\"0\" marginheight=\"0\" scrolling=\"no\" class=\"wp-embedded-content\"><\/iframe><script type=\"text\/javascript\">\n\/* <![CDATA[ *\/\n\/*! This file is auto-generated *\/\n!function(d,l){\"use strict\";l.querySelector&&d.addEventListener&&\"undefined\"!=typeof URL&&(d.wp=d.wp||{},d.wp.receiveEmbedMessage||(d.wp.receiveEmbedMessage=function(e){var t=e.data;if((t||t.secret||t.message||t.value)&&!\/[^a-zA-Z0-9]\/.test(t.secret)){for(var s,r,n,a=l.querySelectorAll('iframe[data-secret=\"'+t.secret+'\"]'),o=l.querySelectorAll('blockquote[data-secret=\"'+t.secret+'\"]'),c=new RegExp(\"^https?:$\",\"i\"),i=0;i<o.length;i++)o[i].style.display=\"none\";for(i=0;i<a.length;i++)s=a[i],e.source===s.contentWindow&&(s.removeAttribute(\"style\"),\"height\"===t.message?(1e3<(r=parseInt(t.value,10))?r=1e3:~~r<200&&(r=200),s.height=r):\"link\"===t.message&&(r=new URL(s.getAttribute(\"src\")),n=new URL(t.value),c.test(n.protocol))&&n.host===r.host&&l.activeElement===s&&(d.top.location.href=t.value))}},d.addEventListener(\"message\",d.wp.receiveEmbedMessage,!1),l.addEventListener(\"DOMContentLoaded\",function(){for(var e,t,s=l.querySelectorAll(\"iframe.wp-embedded-content\"),r=0;r<s.length;r++)(t=(e=s[r]).getAttribute(\"data-secret\"))||(t=Math.random().toString(36).substring(2,12),e.src+=\"#?secret=\"+t,e.setAttribute(\"data-secret\",t)),e.contentWindow.postMessage({message:\"ready\",secret:t},\"*\")},!1)))}(window,document);\n\/* ]]> *\/\n<\/script>\n","thumbnail_url":"https:\/\/a2c.quebec\/wp-content\/uploads\/2016\/09\/ambiance6.jpg","thumbnail_width":500,"thumbnail_height":314,"description":"L\u2019Assembl\u00e9e g\u00e9n\u00e9rale annuelle des membres de l\u2019A2C se tiendra le mercredi 9 novembre 2016, de 8 h 30 \u00e0 10 h, au 8 Queen, \u00e0 Montr\u00e9al. Celle-ci sera suivie de l&#8217;\u00e9v\u00e9nement Le brief, le sommet des dirigeants. Au programme de l&#8217;AGA &nbsp; Rapport complet des activit\u00e9s r\u00e9alis\u00e9es au cours de l&#8217;exercice financier 2015-2016; Approbation des [&hellip;]"}

A2C | Association des Agences de Communication Créative

Assemblée générale annuelle des membres de l'A2C - A2C | Association des Agences de Communication Créative

<blockquote class="wp-embedded-content" data-secret="suSveKvWks"><a href="https://a2c.quebec/en/evenements/assemblee-generale-annuelle-des-membres-de-la2c/">Assemblée générale annuelle des membres de l&#8217;A2C</a></blockquote><iframe sandbox="allow-scripts" security="restricted" src="https://a2c.quebec/en/evenements/assemblee-generale-annuelle-des-membres-de-la2c/embed/#?secret=suSveKvWks" width="600" height="338" title="&#8220;Assemblée générale annuelle des membres de l&#8217;A2C&#8221; &#8212; A2C | Association des Agences de Communication Créative" data-secret="suSveKvWks" frameborder="0" marginwidth="0" marginheight="0" scrolling="no" class="wp-embedded-content"></iframe><script type="text/javascript">
/* <![CDATA[ */
/*! This file is auto-generated */
!function(d,l){"use strict";l.querySelector&&d.addEventListener&&"undefined"!=typeof URL&&(d.wp=d.wp||{},d.wp.receiveEmbedMessage||(d.wp.receiveEmbedMessage=function(e){var t=e.data;if((t||t.secret||t.message||t.value)&&!/[^a-zA-Z0-9]/.test(t.secret)){for(var s,r,n,a=l.querySelectorAll('iframe[data-secret="'+t.secret+'"]'),o=l.querySelectorAll('blockquote[data-secret="'+t.secret+'"]'),c=new RegExp("^https?:$","i"),i=0;i<o.length;i++)o[i].style.display="none";for(i=0;i<a.length;i++)s=a[i],e.source===s.contentWindow&&(s.removeAttribute("style"),"height"===t.message?(1e3<(r=parseInt(t.value,10))?r=1e3:~~r<200&&(r=200),s.height=r):"link"===t.message&&(r=new URL(s.getAttribute("src")),n=new URL(t.value),c.test(n.protocol))&&n.host===r.host&&l.activeElement===s&&(d.top.location.href=t.value))}},d.addEventListener("message",d.wp.receiveEmbedMessage,!1),l.addEventListener("DOMContentLoaded",function(){for(var e,t,s=l.querySelectorAll("iframe.wp-embedded-content"),r=0;r<s.length;r++)(t=(e=s[r]).getAttribute("data-secret"))||(t=Math.random().toString(36).substring(2,12),e.src+="#?secret="+t,e.setAttribute("data-secret",t)),e.contentWindow.postMessage({message:"ready",secret:t},"*")},!1)))}(window,document);
/* ]]> */
</script>

L’Assemblée générale annuelle des membres de l’A2C se tiendra le mercredi 9 novembre 2016, de 8 h 30 à 10 h, au 8 Queen, à Montréal. Celle-ci sera suivie de l&#8217;événement Le brief, le sommet des dirigeants. Au programme de l&#8217;AGA &nbsp; Rapport complet des activités réalisées au cours de l&#8217;exercice financier 2015-2016; Approbation des [&hellip;]
