{"version":"1.0","provider_name":"A2C | Association des Agences de Communication Cr\u00e9ative","provider_url":"https:\/\/a2c.quebec\/en\/","author_name":"A2C | Association des Agences de Communication Cr\u00e9ative","author_url":"https:\/\/a2c.quebec\/en\/","title":"Communication responsable | Grenier formations - A2C | Association des Agences de Communication Cr\u00e9ative","type":"rich","width":600,"height":338,"html":"<blockquote class=\"wp-embedded-content\" data-secret=\"UNxOR6Bjwl\"><a href=\"https:\/\/a2c.quebec\/en\/evenements\/communication-responsable-grenier-formations\/\">Communication responsable | Grenier formations<\/a><\/blockquote><iframe sandbox=\"allow-scripts\" security=\"restricted\" src=\"https:\/\/a2c.quebec\/en\/evenements\/communication-responsable-grenier-formations\/embed\/#?secret=UNxOR6Bjwl\" width=\"600\" height=\"338\" title=\"&#8220;Communication responsable | Grenier formations&#8221; &#8212; A2C | Association des Agences de Communication Cr\u00e9ative\" data-secret=\"UNxOR6Bjwl\" frameborder=\"0\" marginwidth=\"0\" marginheight=\"0\" scrolling=\"no\" class=\"wp-embedded-content\"><\/iframe><script type=\"text\/javascript\">\n\/* <![CDATA[ *\/\n\/*! This file is auto-generated *\/\n!function(d,l){\"use strict\";l.querySelector&&d.addEventListener&&\"undefined\"!=typeof URL&&(d.wp=d.wp||{},d.wp.receiveEmbedMessage||(d.wp.receiveEmbedMessage=function(e){var t=e.data;if((t||t.secret||t.message||t.value)&&!\/[^a-zA-Z0-9]\/.test(t.secret)){for(var s,r,n,a=l.querySelectorAll('iframe[data-secret=\"'+t.secret+'\"]'),o=l.querySelectorAll('blockquote[data-secret=\"'+t.secret+'\"]'),c=new RegExp(\"^https?:$\",\"i\"),i=0;i<o.length;i++)o[i].style.display=\"none\";for(i=0;i<a.length;i++)s=a[i],e.source===s.contentWindow&&(s.removeAttribute(\"style\"),\"height\"===t.message?(1e3<(r=parseInt(t.value,10))?r=1e3:~~r<200&&(r=200),s.height=r):\"link\"===t.message&&(r=new URL(s.getAttribute(\"src\")),n=new URL(t.value),c.test(n.protocol))&&n.host===r.host&&l.activeElement===s&&(d.top.location.href=t.value))}},d.addEventListener(\"message\",d.wp.receiveEmbedMessage,!1),l.addEventListener(\"DOMContentLoaded\",function(){for(var e,t,s=l.querySelectorAll(\"iframe.wp-embedded-content\"),r=0;r<s.length;r++)(t=(e=s[r]).getAttribute(\"data-secret\"))||(t=Math.random().toString(36).substring(2,12),e.src+=\"#?secret=\"+t,e.setAttribute(\"data-secret\",t)),e.contentWindow.postMessage({message:\"ready\",secret:t},\"*\")},!1)))}(window,document);\n\/* ]]> *\/\n<\/script>\n","thumbnail_url":"https:\/\/a2c.quebec\/wp-content\/uploads\/2022\/08\/a2c-communicationresponsable-1200x630-1.jpg","thumbnail_width":1200,"thumbnail_height":630,"description":"Int\u00e9grez&nbsp;les principes de la communication responsable dans votre&nbsp;strat\u00e9gie m\u00e9dia. &nbsp; \u00c0 titre individuel et professionnel, nous devons tous&nbsp;nous interroger sur nos responsabilit\u00e9s directes et indirectes et sur les fa\u00e7ons d\u2019agir en faveur d\u2019une soci\u00e9t\u00e9 plus juste, responsable et durable. C\u2019est notamment le cas du secteur de la communication et du marketing qui y a un [&hellip;]"}

A2C | Association des Agences de Communication Créative

Communication responsable | Grenier formations - A2C | Association des Agences de Communication Créative

<blockquote class="wp-embedded-content" data-secret="UNxOR6Bjwl"><a href="https://a2c.quebec/en/evenements/communication-responsable-grenier-formations/">Communication responsable | Grenier formations</a></blockquote><iframe sandbox="allow-scripts" security="restricted" src="https://a2c.quebec/en/evenements/communication-responsable-grenier-formations/embed/#?secret=UNxOR6Bjwl" width="600" height="338" title="&#8220;Communication responsable | Grenier formations&#8221; &#8212; A2C | Association des Agences de Communication Créative" data-secret="UNxOR6Bjwl" frameborder="0" marginwidth="0" marginheight="0" scrolling="no" class="wp-embedded-content"></iframe><script type="text/javascript">
/* <![CDATA[ */
/*! This file is auto-generated */
!function(d,l){"use strict";l.querySelector&&d.addEventListener&&"undefined"!=typeof URL&&(d.wp=d.wp||{},d.wp.receiveEmbedMessage||(d.wp.receiveEmbedMessage=function(e){var t=e.data;if((t||t.secret||t.message||t.value)&&!/[^a-zA-Z0-9]/.test(t.secret)){for(var s,r,n,a=l.querySelectorAll('iframe[data-secret="'+t.secret+'"]'),o=l.querySelectorAll('blockquote[data-secret="'+t.secret+'"]'),c=new RegExp("^https?:$","i"),i=0;i<o.length;i++)o[i].style.display="none";for(i=0;i<a.length;i++)s=a[i],e.source===s.contentWindow&&(s.removeAttribute("style"),"height"===t.message?(1e3<(r=parseInt(t.value,10))?r=1e3:~~r<200&&(r=200),s.height=r):"link"===t.message&&(r=new URL(s.getAttribute("src")),n=new URL(t.value),c.test(n.protocol))&&n.host===r.host&&l.activeElement===s&&(d.top.location.href=t.value))}},d.addEventListener("message",d.wp.receiveEmbedMessage,!1),l.addEventListener("DOMContentLoaded",function(){for(var e,t,s=l.querySelectorAll("iframe.wp-embedded-content"),r=0;r<s.length;r++)(t=(e=s[r]).getAttribute("data-secret"))||(t=Math.random().toString(36).substring(2,12),e.src+="#?secret="+t,e.setAttribute("data-secret",t)),e.contentWindow.postMessage({message:"ready",secret:t},"*")},!1)))}(window,document);
/* ]]> */
</script>

Intégrez&nbsp;les principes de la communication responsable dans votre&nbsp;stratégie média. &nbsp; À titre individuel et professionnel, nous devons tous&nbsp;nous interroger sur nos responsabilités directes et indirectes et sur les façons d’agir en faveur d’une société plus juste, responsable et durable. C’est notamment le cas du secteur de la communication et du marketing qui y a un [&hellip;]
