{"version":"1.0","provider_name":"A2C | Association des Agences de Communication Cr\u00e9ative","provider_url":"https:\/\/a2c.quebec\/en\/","author_name":"A2C | Association des Agences de Communication Cr\u00e9ative","author_url":"https:\/\/a2c.quebec\/en\/","title":"Conf\u00e9rence Infopresse - Marketing de contenu - A2C | Association des Agences de Communication Cr\u00e9ative","type":"rich","width":600,"height":338,"html":"<blockquote class=\"wp-embedded-content\" data-secret=\"2JyPeAXNd5\"><a href=\"https:\/\/a2c.quebec\/en\/evenements\/conference-infopresse-marketing-de-contenu\/\">Conf\u00e9rence Infopresse &#8211; Marketing de contenu<\/a><\/blockquote><iframe sandbox=\"allow-scripts\" security=\"restricted\" src=\"https:\/\/a2c.quebec\/en\/evenements\/conference-infopresse-marketing-de-contenu\/embed\/#?secret=2JyPeAXNd5\" width=\"600\" height=\"338\" title=\"&#8220;Conf\u00e9rence Infopresse &#8211; Marketing de contenu&#8221; &#8212; A2C | Association des Agences de Communication Cr\u00e9ative\" data-secret=\"2JyPeAXNd5\" frameborder=\"0\" marginwidth=\"0\" marginheight=\"0\" scrolling=\"no\" class=\"wp-embedded-content\"><\/iframe><script type=\"text\/javascript\">\n\/* <![CDATA[ *\/\n\/*! This file is auto-generated *\/\n!function(d,l){\"use strict\";l.querySelector&&d.addEventListener&&\"undefined\"!=typeof URL&&(d.wp=d.wp||{},d.wp.receiveEmbedMessage||(d.wp.receiveEmbedMessage=function(e){var t=e.data;if((t||t.secret||t.message||t.value)&&!\/[^a-zA-Z0-9]\/.test(t.secret)){for(var s,r,n,a=l.querySelectorAll('iframe[data-secret=\"'+t.secret+'\"]'),o=l.querySelectorAll('blockquote[data-secret=\"'+t.secret+'\"]'),c=new RegExp(\"^https?:$\",\"i\"),i=0;i<o.length;i++)o[i].style.display=\"none\";for(i=0;i<a.length;i++)s=a[i],e.source===s.contentWindow&&(s.removeAttribute(\"style\"),\"height\"===t.message?(1e3<(r=parseInt(t.value,10))?r=1e3:~~r<200&&(r=200),s.height=r):\"link\"===t.message&&(r=new URL(s.getAttribute(\"src\")),n=new URL(t.value),c.test(n.protocol))&&n.host===r.host&&l.activeElement===s&&(d.top.location.href=t.value))}},d.addEventListener(\"message\",d.wp.receiveEmbedMessage,!1),l.addEventListener(\"DOMContentLoaded\",function(){for(var e,t,s=l.querySelectorAll(\"iframe.wp-embedded-content\"),r=0;r<s.length;r++)(t=(e=s[r]).getAttribute(\"data-secret\"))||(t=Math.random().toString(36).substring(2,12),e.src+=\"#?secret=\"+t,e.setAttribute(\"data-secret\",t)),e.contentWindow.postMessage({message:\"ready\",secret:t},\"*\")},!1)))}(window,document);\n\/* ]]> *\/\n<\/script>\n","thumbnail_url":"https:\/\/a2c.quebec\/wp-content\/uploads\/2017\/04\/entrevue.jpg","thumbnail_width":1920,"thumbnail_height":1286,"description":"L&#8217;A2C se joint \u00e0 Infopresse pour vous offrir un tarif pr\u00e9f\u00e9rentiel pour assister \u00e0 la conf\u00e9rence Marketing de contenu, le 14 juin prochain. &nbsp; L\u2019information et le divertissement font d\u00e9sormais partie de l\u2019\u00e9cosyst\u00e8me de la marque, ce qui am\u00e8ne les acteurs de l\u2019industrie \u00e0 peaufiner et \u00e0 diversifier leurs strat\u00e9gies de marketing de contenu. Th\u00e9matiques [&hellip;]"}

A2C | Association des Agences de Communication Créative

Conférence Infopresse - Marketing de contenu - A2C | Association des Agences de Communication Créative

<blockquote class="wp-embedded-content" data-secret="2JyPeAXNd5"><a href="https://a2c.quebec/en/evenements/conference-infopresse-marketing-de-contenu/">Conférence Infopresse &#8211; Marketing de contenu</a></blockquote><iframe sandbox="allow-scripts" security="restricted" src="https://a2c.quebec/en/evenements/conference-infopresse-marketing-de-contenu/embed/#?secret=2JyPeAXNd5" width="600" height="338" title="&#8220;Conférence Infopresse &#8211; Marketing de contenu&#8221; &#8212; A2C | Association des Agences de Communication Créative" data-secret="2JyPeAXNd5" frameborder="0" marginwidth="0" marginheight="0" scrolling="no" class="wp-embedded-content"></iframe><script type="text/javascript">
/* <![CDATA[ */
/*! This file is auto-generated */
!function(d,l){"use strict";l.querySelector&&d.addEventListener&&"undefined"!=typeof URL&&(d.wp=d.wp||{},d.wp.receiveEmbedMessage||(d.wp.receiveEmbedMessage=function(e){var t=e.data;if((t||t.secret||t.message||t.value)&&!/[^a-zA-Z0-9]/.test(t.secret)){for(var s,r,n,a=l.querySelectorAll('iframe[data-secret="'+t.secret+'"]'),o=l.querySelectorAll('blockquote[data-secret="'+t.secret+'"]'),c=new RegExp("^https?:$","i"),i=0;i<o.length;i++)o[i].style.display="none";for(i=0;i<a.length;i++)s=a[i],e.source===s.contentWindow&&(s.removeAttribute("style"),"height"===t.message?(1e3<(r=parseInt(t.value,10))?r=1e3:~~r<200&&(r=200),s.height=r):"link"===t.message&&(r=new URL(s.getAttribute("src")),n=new URL(t.value),c.test(n.protocol))&&n.host===r.host&&l.activeElement===s&&(d.top.location.href=t.value))}},d.addEventListener("message",d.wp.receiveEmbedMessage,!1),l.addEventListener("DOMContentLoaded",function(){for(var e,t,s=l.querySelectorAll("iframe.wp-embedded-content"),r=0;r<s.length;r++)(t=(e=s[r]).getAttribute("data-secret"))||(t=Math.random().toString(36).substring(2,12),e.src+="#?secret="+t,e.setAttribute("data-secret",t)),e.contentWindow.postMessage({message:"ready",secret:t},"*")},!1)))}(window,document);
/* ]]> */
</script>

L&#8217;A2C se joint à Infopresse pour vous offrir un tarif préférentiel pour assister à la conférence Marketing de contenu, le 14 juin prochain. &nbsp; L’information et le divertissement font désormais partie de l’écosystème de la marque, ce qui amène les acteurs de l’industrie à peaufiner et à diversifier leurs stratégies de marketing de contenu. Thématiques [&hellip;]
