{"version":"1.0","provider_name":"A2C | Association des Agences de Communication Cr\u00e9ative","provider_url":"https:\/\/a2c.quebec\/en\/","author_name":"A2C | Association des Agences de Communication Cr\u00e9ative","author_url":"https:\/\/a2c.quebec\/en\/","title":"\u00c9v\u00e9nements Les Affaires - Sommet marketing B2B - A2C | Association des Agences de Communication Cr\u00e9ative","type":"rich","width":600,"height":338,"html":"<blockquote class=\"wp-embedded-content\" data-secret=\"0yvEDn3PXh\"><a href=\"https:\/\/a2c.quebec\/en\/evenements\/evenements-les-affaires-sommet-marketing-b2b\/\">\u00c9v\u00e9nements Les Affaires &#8211; Sommet marketing B2B<\/a><\/blockquote><iframe sandbox=\"allow-scripts\" security=\"restricted\" src=\"https:\/\/a2c.quebec\/en\/evenements\/evenements-les-affaires-sommet-marketing-b2b\/embed\/#?secret=0yvEDn3PXh\" width=\"600\" height=\"338\" title=\"&#8220;\u00c9v\u00e9nements Les Affaires &#8211; Sommet marketing B2B&#8221; &#8212; A2C | Association des Agences de Communication Cr\u00e9ative\" data-secret=\"0yvEDn3PXh\" frameborder=\"0\" marginwidth=\"0\" marginheight=\"0\" scrolling=\"no\" class=\"wp-embedded-content\"><\/iframe><script type=\"text\/javascript\">\n\/* <![CDATA[ *\/\n\/*! This file is auto-generated *\/\n!function(d,l){\"use strict\";l.querySelector&&d.addEventListener&&\"undefined\"!=typeof URL&&(d.wp=d.wp||{},d.wp.receiveEmbedMessage||(d.wp.receiveEmbedMessage=function(e){var t=e.data;if((t||t.secret||t.message||t.value)&&!\/[^a-zA-Z0-9]\/.test(t.secret)){for(var s,r,n,a=l.querySelectorAll('iframe[data-secret=\"'+t.secret+'\"]'),o=l.querySelectorAll('blockquote[data-secret=\"'+t.secret+'\"]'),c=new RegExp(\"^https?:$\",\"i\"),i=0;i<o.length;i++)o[i].style.display=\"none\";for(i=0;i<a.length;i++)s=a[i],e.source===s.contentWindow&&(s.removeAttribute(\"style\"),\"height\"===t.message?(1e3<(r=parseInt(t.value,10))?r=1e3:~~r<200&&(r=200),s.height=r):\"link\"===t.message&&(r=new URL(s.getAttribute(\"src\")),n=new URL(t.value),c.test(n.protocol))&&n.host===r.host&&l.activeElement===s&&(d.top.location.href=t.value))}},d.addEventListener(\"message\",d.wp.receiveEmbedMessage,!1),l.addEventListener(\"DOMContentLoaded\",function(){for(var e,t,s=l.querySelectorAll(\"iframe.wp-embedded-content\"),r=0;r<s.length;r++)(t=(e=s[r]).getAttribute(\"data-secret\"))||(t=Math.random().toString(36).substring(2,12),e.src+=\"#?secret=\"+t,e.setAttribute(\"data-secret\",t)),e.contentWindow.postMessage({message:\"ready\",secret:t},\"*\")},!1)))}(window,document);\n\/* ]]> *\/\n<\/script>\n","thumbnail_url":"https:\/\/a2c.quebec\/wp-content\/uploads\/2016\/08\/pexels-photo.jpg","thumbnail_width":640,"thumbnail_height":424,"description":"Dans un contexte de concurrence de plus en plus agressive, il devient complexe pour les entreprises d\u2019investir leur budget marketing au bon endroit et de choisir la bonne strat\u00e9gie. Cette r\u00e9alit\u00e9 est encore plus importante en B2B, en raison de la complexit\u00e9 du cycle d&#8217;achat, du grand nombre de d\u00e9cideurs et de la multiplication des [&hellip;]"}

A2C | Association des Agences de Communication Créative

Événements Les Affaires - Sommet marketing B2B - A2C | Association des Agences de Communication Créative

<blockquote class="wp-embedded-content" data-secret="0yvEDn3PXh"><a href="https://a2c.quebec/en/evenements/evenements-les-affaires-sommet-marketing-b2b/">Événements Les Affaires &#8211; Sommet marketing B2B</a></blockquote><iframe sandbox="allow-scripts" security="restricted" src="https://a2c.quebec/en/evenements/evenements-les-affaires-sommet-marketing-b2b/embed/#?secret=0yvEDn3PXh" width="600" height="338" title="&#8220;Événements Les Affaires &#8211; Sommet marketing B2B&#8221; &#8212; A2C | Association des Agences de Communication Créative" data-secret="0yvEDn3PXh" frameborder="0" marginwidth="0" marginheight="0" scrolling="no" class="wp-embedded-content"></iframe><script type="text/javascript">
/* <![CDATA[ */
/*! This file is auto-generated */
!function(d,l){"use strict";l.querySelector&&d.addEventListener&&"undefined"!=typeof URL&&(d.wp=d.wp||{},d.wp.receiveEmbedMessage||(d.wp.receiveEmbedMessage=function(e){var t=e.data;if((t||t.secret||t.message||t.value)&&!/[^a-zA-Z0-9]/.test(t.secret)){for(var s,r,n,a=l.querySelectorAll('iframe[data-secret="'+t.secret+'"]'),o=l.querySelectorAll('blockquote[data-secret="'+t.secret+'"]'),c=new RegExp("^https?:$","i"),i=0;i<o.length;i++)o[i].style.display="none";for(i=0;i<a.length;i++)s=a[i],e.source===s.contentWindow&&(s.removeAttribute("style"),"height"===t.message?(1e3<(r=parseInt(t.value,10))?r=1e3:~~r<200&&(r=200),s.height=r):"link"===t.message&&(r=new URL(s.getAttribute("src")),n=new URL(t.value),c.test(n.protocol))&&n.host===r.host&&l.activeElement===s&&(d.top.location.href=t.value))}},d.addEventListener("message",d.wp.receiveEmbedMessage,!1),l.addEventListener("DOMContentLoaded",function(){for(var e,t,s=l.querySelectorAll("iframe.wp-embedded-content"),r=0;r<s.length;r++)(t=(e=s[r]).getAttribute("data-secret"))||(t=Math.random().toString(36).substring(2,12),e.src+="#?secret="+t,e.setAttribute("data-secret",t)),e.contentWindow.postMessage({message:"ready",secret:t},"*")},!1)))}(window,document);
/* ]]> */
</script>

Dans un contexte de concurrence de plus en plus agressive, il devient complexe pour les entreprises d’investir leur budget marketing au bon endroit et de choisir la bonne stratégie. Cette réalité est encore plus importante en B2B, en raison de la complexité du cycle d&#8217;achat, du grand nombre de décideurs et de la multiplication des [&hellip;]
