{"version":"1.0","provider_name":"A2C | Association des Agences de Communication Cr\u00e9ative","provider_url":"https:\/\/a2c.quebec\/en\/","author_name":"\u00c9lise Agrapart","author_url":"https:\/\/a2c.quebec\/en\/author\/e-agrapart\/","title":"NOUVELLE DATE - Lib\u00e9ration de droits dans le domaine publicitaire - A2C | Association des Agences de Communication Cr\u00e9ative","type":"rich","width":600,"height":338,"html":"<blockquote class=\"wp-embedded-content\" data-secret=\"rnVLmV8Il3\"><a href=\"https:\/\/a2c.quebec\/en\/evenements\/liberation-de-droits-dans-le-domaine-publicitaire-2\/\">NOUVELLE DATE &#8211; Lib\u00e9ration de droits dans le domaine publicitaire<\/a><\/blockquote><iframe sandbox=\"allow-scripts\" security=\"restricted\" src=\"https:\/\/a2c.quebec\/en\/evenements\/liberation-de-droits-dans-le-domaine-publicitaire-2\/embed\/#?secret=rnVLmV8Il3\" width=\"600\" height=\"338\" title=\"&#8220;NOUVELLE DATE &#8211; Lib\u00e9ration de droits dans le domaine publicitaire&#8221; &#8212; A2C | Association des Agences de Communication Cr\u00e9ative\" data-secret=\"rnVLmV8Il3\" frameborder=\"0\" marginwidth=\"0\" marginheight=\"0\" scrolling=\"no\" class=\"wp-embedded-content\"><\/iframe><script type=\"text\/javascript\">\n\/* <![CDATA[ *\/\n\/*! This file is auto-generated *\/\n!function(d,l){\"use strict\";l.querySelector&&d.addEventListener&&\"undefined\"!=typeof URL&&(d.wp=d.wp||{},d.wp.receiveEmbedMessage||(d.wp.receiveEmbedMessage=function(e){var t=e.data;if((t||t.secret||t.message||t.value)&&!\/[^a-zA-Z0-9]\/.test(t.secret)){for(var s,r,n,a=l.querySelectorAll('iframe[data-secret=\"'+t.secret+'\"]'),o=l.querySelectorAll('blockquote[data-secret=\"'+t.secret+'\"]'),c=new RegExp(\"^https?:$\",\"i\"),i=0;i<o.length;i++)o[i].style.display=\"none\";for(i=0;i<a.length;i++)s=a[i],e.source===s.contentWindow&&(s.removeAttribute(\"style\"),\"height\"===t.message?(1e3<(r=parseInt(t.value,10))?r=1e3:~~r<200&&(r=200),s.height=r):\"link\"===t.message&&(r=new URL(s.getAttribute(\"src\")),n=new URL(t.value),c.test(n.protocol))&&n.host===r.host&&l.activeElement===s&&(d.top.location.href=t.value))}},d.addEventListener(\"message\",d.wp.receiveEmbedMessage,!1),l.addEventListener(\"DOMContentLoaded\",function(){for(var e,t,s=l.querySelectorAll(\"iframe.wp-embedded-content\"),r=0;r<s.length;r++)(t=(e=s[r]).getAttribute(\"data-secret\"))||(t=Math.random().toString(36).substring(2,12),e.src+=\"#?secret=\"+t,e.setAttribute(\"data-secret\",t)),e.contentWindow.postMessage({message:\"ready\",secret:t},\"*\")},!1)))}(window,document);\n\/* ]]> *\/\n<\/script>\n","thumbnail_url":"https:\/\/a2c.quebec\/wp-content\/uploads\/2025\/02\/mouvement-media-dici-hiver-2025-14.png","thumbnail_width":600,"thumbnail_height":300,"description":"Lors de cette formation, Me Lyne Robichaud fera un survol de la protection accord\u00e9e par la Loi sur le droit d\u2019auteur \u00e0 diff\u00e9rents types d\u2019\u0153uvres prot\u00e9g\u00e9es et par le Code civil en mati\u00e8re de droit \u00e0 l\u2019image. Objectif &nbsp; La formation vise notamment \u00e0 r\u00e9pondre aux questions suivantes\u00a0: &nbsp; Qu\u2019est-ce qu\u2019une \u0153uvre \u00ab\u00a0tomb\u00e9e dans le [&hellip;]"}

A2C | Association des Agences de Communication Créative

Élise Agrapart

NOUVELLE DATE - Libération de droits dans le domaine publicitaire - A2C | Association des Agences de Communication Créative

<blockquote class="wp-embedded-content" data-secret="rnVLmV8Il3"><a href="https://a2c.quebec/en/evenements/liberation-de-droits-dans-le-domaine-publicitaire-2/">NOUVELLE DATE &#8211; Libération de droits dans le domaine publicitaire</a></blockquote><iframe sandbox="allow-scripts" security="restricted" src="https://a2c.quebec/en/evenements/liberation-de-droits-dans-le-domaine-publicitaire-2/embed/#?secret=rnVLmV8Il3" width="600" height="338" title="&#8220;NOUVELLE DATE &#8211; Libération de droits dans le domaine publicitaire&#8221; &#8212; A2C | Association des Agences de Communication Créative" data-secret="rnVLmV8Il3" frameborder="0" marginwidth="0" marginheight="0" scrolling="no" class="wp-embedded-content"></iframe><script type="text/javascript">
/* <![CDATA[ */
/*! This file is auto-generated */
!function(d,l){"use strict";l.querySelector&&d.addEventListener&&"undefined"!=typeof URL&&(d.wp=d.wp||{},d.wp.receiveEmbedMessage||(d.wp.receiveEmbedMessage=function(e){var t=e.data;if((t||t.secret||t.message||t.value)&&!/[^a-zA-Z0-9]/.test(t.secret)){for(var s,r,n,a=l.querySelectorAll('iframe[data-secret="'+t.secret+'"]'),o=l.querySelectorAll('blockquote[data-secret="'+t.secret+'"]'),c=new RegExp("^https?:$","i"),i=0;i<o.length;i++)o[i].style.display="none";for(i=0;i<a.length;i++)s=a[i],e.source===s.contentWindow&&(s.removeAttribute("style"),"height"===t.message?(1e3<(r=parseInt(t.value,10))?r=1e3:~~r<200&&(r=200),s.height=r):"link"===t.message&&(r=new URL(s.getAttribute("src")),n=new URL(t.value),c.test(n.protocol))&&n.host===r.host&&l.activeElement===s&&(d.top.location.href=t.value))}},d.addEventListener("message",d.wp.receiveEmbedMessage,!1),l.addEventListener("DOMContentLoaded",function(){for(var e,t,s=l.querySelectorAll("iframe.wp-embedded-content"),r=0;r<s.length;r++)(t=(e=s[r]).getAttribute("data-secret"))||(t=Math.random().toString(36).substring(2,12),e.src+="#?secret="+t,e.setAttribute("data-secret",t)),e.contentWindow.postMessage({message:"ready",secret:t},"*")},!1)))}(window,document);
/* ]]> */
</script>

Lors de cette formation, Me Lyne Robichaud fera un survol de la protection accordée par la Loi sur le droit d’auteur à différents types d’œuvres protégées et par le Code civil en matière de droit à l’image. Objectif &nbsp; La formation vise notamment à répondre aux questions suivantes : &nbsp; Qu’est-ce qu’une œuvre « tombée dans le [&hellip;]
