{"version":"1.0","provider_name":"A2C | Association des Agences de Communication Cr\u00e9ative","provider_url":"https:\/\/a2c.quebec\/en\/","author_name":"A2C | Association des Agences de Communication Cr\u00e9ative","author_url":"https:\/\/a2c.quebec\/en\/","title":"Mesure de la performance - \u00c9v\u00e9nements Les Affaires - A2C | Association des Agences de Communication Cr\u00e9ative","type":"rich","width":600,"height":338,"html":"<blockquote class=\"wp-embedded-content\" data-secret=\"OQP94okwK2\"><a href=\"https:\/\/a2c.quebec\/en\/evenements\/mesure-de-la-performance-evenements-les-affaires\/\">Mesure de la performance &#8211; \u00c9v\u00e9nements Les Affaires<\/a><\/blockquote><iframe sandbox=\"allow-scripts\" security=\"restricted\" src=\"https:\/\/a2c.quebec\/en\/evenements\/mesure-de-la-performance-evenements-les-affaires\/embed\/#?secret=OQP94okwK2\" width=\"600\" height=\"338\" title=\"&#8220;Mesure de la performance &#8211; \u00c9v\u00e9nements Les Affaires&#8221; &#8212; A2C | Association des Agences de Communication Cr\u00e9ative\" data-secret=\"OQP94okwK2\" frameborder=\"0\" marginwidth=\"0\" marginheight=\"0\" scrolling=\"no\" class=\"wp-embedded-content\"><\/iframe><script type=\"text\/javascript\">\n\/* <![CDATA[ *\/\n\/*! This file is auto-generated *\/\n!function(d,l){\"use strict\";l.querySelector&&d.addEventListener&&\"undefined\"!=typeof URL&&(d.wp=d.wp||{},d.wp.receiveEmbedMessage||(d.wp.receiveEmbedMessage=function(e){var t=e.data;if((t||t.secret||t.message||t.value)&&!\/[^a-zA-Z0-9]\/.test(t.secret)){for(var s,r,n,a=l.querySelectorAll('iframe[data-secret=\"'+t.secret+'\"]'),o=l.querySelectorAll('blockquote[data-secret=\"'+t.secret+'\"]'),c=new RegExp(\"^https?:$\",\"i\"),i=0;i<o.length;i++)o[i].style.display=\"none\";for(i=0;i<a.length;i++)s=a[i],e.source===s.contentWindow&&(s.removeAttribute(\"style\"),\"height\"===t.message?(1e3<(r=parseInt(t.value,10))?r=1e3:~~r<200&&(r=200),s.height=r):\"link\"===t.message&&(r=new URL(s.getAttribute(\"src\")),n=new URL(t.value),c.test(n.protocol))&&n.host===r.host&&l.activeElement===s&&(d.top.location.href=t.value))}},d.addEventListener(\"message\",d.wp.receiveEmbedMessage,!1),l.addEventListener(\"DOMContentLoaded\",function(){for(var e,t,s=l.querySelectorAll(\"iframe.wp-embedded-content\"),r=0;r<s.length;r++)(t=(e=s[r]).getAttribute(\"data-secret\"))||(t=Math.random().toString(36).substring(2,12),e.src+=\"#?secret=\"+t,e.setAttribute(\"data-secret\",t)),e.contentWindow.postMessage({message:\"ready\",secret:t},\"*\")},!1)))}(window,document);\n\/* ]]> *\/\n<\/script>\n","thumbnail_url":"https:\/\/a2c.quebec\/wp-content\/uploads\/2018\/07\/performance-affaires-photo-a2c.jpeg","thumbnail_width":1280,"thumbnail_height":885,"description":"L&#8217;A2C est heureuse de collaborer avec \u00c9v\u00e9nements Les Affaires pour ce webinaire d&#8217;introduction \u00e0 la mesure de la performance des invitatives de communication. Programme de la formation Informations \u00e0 venir en septembre 2018. Informations compl\u00e9mentaires Date : Jeudi 29 novembre 2018 Heure : 12 h \u00e0 13 h Prix : \u00c0 confirmer RSVP ici"}

A2C | Association des Agences de Communication Créative

Mesure de la performance - Événements Les Affaires - A2C | Association des Agences de Communication Créative

<blockquote class="wp-embedded-content" data-secret="OQP94okwK2"><a href="https://a2c.quebec/en/evenements/mesure-de-la-performance-evenements-les-affaires/">Mesure de la performance &#8211; Événements Les Affaires</a></blockquote><iframe sandbox="allow-scripts" security="restricted" src="https://a2c.quebec/en/evenements/mesure-de-la-performance-evenements-les-affaires/embed/#?secret=OQP94okwK2" width="600" height="338" title="&#8220;Mesure de la performance &#8211; Événements Les Affaires&#8221; &#8212; A2C | Association des Agences de Communication Créative" data-secret="OQP94okwK2" frameborder="0" marginwidth="0" marginheight="0" scrolling="no" class="wp-embedded-content"></iframe><script type="text/javascript">
/* <![CDATA[ */
/*! This file is auto-generated */
!function(d,l){"use strict";l.querySelector&&d.addEventListener&&"undefined"!=typeof URL&&(d.wp=d.wp||{},d.wp.receiveEmbedMessage||(d.wp.receiveEmbedMessage=function(e){var t=e.data;if((t||t.secret||t.message||t.value)&&!/[^a-zA-Z0-9]/.test(t.secret)){for(var s,r,n,a=l.querySelectorAll('iframe[data-secret="'+t.secret+'"]'),o=l.querySelectorAll('blockquote[data-secret="'+t.secret+'"]'),c=new RegExp("^https?:$","i"),i=0;i<o.length;i++)o[i].style.display="none";for(i=0;i<a.length;i++)s=a[i],e.source===s.contentWindow&&(s.removeAttribute("style"),"height"===t.message?(1e3<(r=parseInt(t.value,10))?r=1e3:~~r<200&&(r=200),s.height=r):"link"===t.message&&(r=new URL(s.getAttribute("src")),n=new URL(t.value),c.test(n.protocol))&&n.host===r.host&&l.activeElement===s&&(d.top.location.href=t.value))}},d.addEventListener("message",d.wp.receiveEmbedMessage,!1),l.addEventListener("DOMContentLoaded",function(){for(var e,t,s=l.querySelectorAll("iframe.wp-embedded-content"),r=0;r<s.length;r++)(t=(e=s[r]).getAttribute("data-secret"))||(t=Math.random().toString(36).substring(2,12),e.src+="#?secret="+t,e.setAttribute("data-secret",t)),e.contentWindow.postMessage({message:"ready",secret:t},"*")},!1)))}(window,document);
/* ]]> */
</script>

L&#8217;A2C est heureuse de collaborer avec Événements Les Affaires pour ce webinaire d&#8217;introduction à la mesure de la performance des invitatives de communication. Programme de la formation Informations à venir en septembre 2018. Informations complémentaires Date : Jeudi 29 novembre 2018 Heure : 12 h à 13 h Prix : À confirmer RSVP ici
