{"version":"1.0","provider_name":"A2C | Association des Agences de Communication Cr\u00e9ative","provider_url":"https:\/\/a2c.quebec\/en\/","author_name":"A2C | Association des Agences de Communication Cr\u00e9ative","author_url":"https:\/\/a2c.quebec\/en\/","title":"Perfectionnez vos techniques de gestion - A2C | Association des Agences de Communication Cr\u00e9ative","type":"rich","width":600,"height":338,"html":"<blockquote class=\"wp-embedded-content\" data-secret=\"Xm6M9CgLMo\"><a href=\"https:\/\/a2c.quebec\/en\/evenements\/perfectionnez-vos-techniques-de-gestion-2\/\">Perfectionnez vos techniques de gestion<\/a><\/blockquote><iframe sandbox=\"allow-scripts\" security=\"restricted\" src=\"https:\/\/a2c.quebec\/en\/evenements\/perfectionnez-vos-techniques-de-gestion-2\/embed\/#?secret=Xm6M9CgLMo\" width=\"600\" height=\"338\" title=\"&#8220;Perfectionnez vos techniques de gestion&#8221; &#8212; A2C | Association des Agences de Communication Cr\u00e9ative\" data-secret=\"Xm6M9CgLMo\" frameborder=\"0\" marginwidth=\"0\" marginheight=\"0\" scrolling=\"no\" class=\"wp-embedded-content\"><\/iframe><script type=\"text\/javascript\">\n\/* <![CDATA[ *\/\n\/*! This file is auto-generated *\/\n!function(d,l){\"use strict\";l.querySelector&&d.addEventListener&&\"undefined\"!=typeof URL&&(d.wp=d.wp||{},d.wp.receiveEmbedMessage||(d.wp.receiveEmbedMessage=function(e){var t=e.data;if((t||t.secret||t.message||t.value)&&!\/[^a-zA-Z0-9]\/.test(t.secret)){for(var s,r,n,a=l.querySelectorAll('iframe[data-secret=\"'+t.secret+'\"]'),o=l.querySelectorAll('blockquote[data-secret=\"'+t.secret+'\"]'),c=new RegExp(\"^https?:$\",\"i\"),i=0;i<o.length;i++)o[i].style.display=\"none\";for(i=0;i<a.length;i++)s=a[i],e.source===s.contentWindow&&(s.removeAttribute(\"style\"),\"height\"===t.message?(1e3<(r=parseInt(t.value,10))?r=1e3:~~r<200&&(r=200),s.height=r):\"link\"===t.message&&(r=new URL(s.getAttribute(\"src\")),n=new URL(t.value),c.test(n.protocol))&&n.host===r.host&&l.activeElement===s&&(d.top.location.href=t.value))}},d.addEventListener(\"message\",d.wp.receiveEmbedMessage,!1),l.addEventListener(\"DOMContentLoaded\",function(){for(var e,t,s=l.querySelectorAll(\"iframe.wp-embedded-content\"),r=0;r<s.length;r++)(t=(e=s[r]).getAttribute(\"data-secret\"))||(t=Math.random().toString(36).substring(2,12),e.src+=\"#?secret=\"+t,e.setAttribute(\"data-secret\",t)),e.contentWindow.postMessage({message:\"ready\",secret:t},\"*\")},!1)))}(window,document);\n\/* ]]> *\/\n<\/script>\n","thumbnail_url":"https:\/\/a2c.quebec\/wp-content\/uploads\/2020\/07\/lara-far-eug3mlmkfbo-unsplash2.jpg","thumbnail_width":595,"thumbnail_height":329,"description":"L&#8217;A2C vous invite \u00e0 participer \u00e0 cette formation sp\u00e9cifique \u00e0 la r\u00e9alit\u00e9 de gestionnaire en agence pour raffiner vos techniques et ainsi tirer le meilleur de votre \u00e9quipe de travail. Une offre sp\u00e9ciale pour les membres A2C D\u2019une valeur de 2000&nbsp;$ et subventionn\u00e9e par le Programme actions concert\u00e9es pour le maintien en emploi (PACME), cette [&hellip;]"}

A2C | Association des Agences de Communication Créative

Perfectionnez vos techniques de gestion - A2C | Association des Agences de Communication Créative

<blockquote class="wp-embedded-content" data-secret="Xm6M9CgLMo"><a href="https://a2c.quebec/en/evenements/perfectionnez-vos-techniques-de-gestion-2/">Perfectionnez vos techniques de gestion</a></blockquote><iframe sandbox="allow-scripts" security="restricted" src="https://a2c.quebec/en/evenements/perfectionnez-vos-techniques-de-gestion-2/embed/#?secret=Xm6M9CgLMo" width="600" height="338" title="&#8220;Perfectionnez vos techniques de gestion&#8221; &#8212; A2C | Association des Agences de Communication Créative" data-secret="Xm6M9CgLMo" frameborder="0" marginwidth="0" marginheight="0" scrolling="no" class="wp-embedded-content"></iframe><script type="text/javascript">
/* <![CDATA[ */
/*! This file is auto-generated */
!function(d,l){"use strict";l.querySelector&&d.addEventListener&&"undefined"!=typeof URL&&(d.wp=d.wp||{},d.wp.receiveEmbedMessage||(d.wp.receiveEmbedMessage=function(e){var t=e.data;if((t||t.secret||t.message||t.value)&&!/[^a-zA-Z0-9]/.test(t.secret)){for(var s,r,n,a=l.querySelectorAll('iframe[data-secret="'+t.secret+'"]'),o=l.querySelectorAll('blockquote[data-secret="'+t.secret+'"]'),c=new RegExp("^https?:$","i"),i=0;i<o.length;i++)o[i].style.display="none";for(i=0;i<a.length;i++)s=a[i],e.source===s.contentWindow&&(s.removeAttribute("style"),"height"===t.message?(1e3<(r=parseInt(t.value,10))?r=1e3:~~r<200&&(r=200),s.height=r):"link"===t.message&&(r=new URL(s.getAttribute("src")),n=new URL(t.value),c.test(n.protocol))&&n.host===r.host&&l.activeElement===s&&(d.top.location.href=t.value))}},d.addEventListener("message",d.wp.receiveEmbedMessage,!1),l.addEventListener("DOMContentLoaded",function(){for(var e,t,s=l.querySelectorAll("iframe.wp-embedded-content"),r=0;r<s.length;r++)(t=(e=s[r]).getAttribute("data-secret"))||(t=Math.random().toString(36).substring(2,12),e.src+="#?secret="+t,e.setAttribute("data-secret",t)),e.contentWindow.postMessage({message:"ready",secret:t},"*")},!1)))}(window,document);
/* ]]> */
</script>

L&#8217;A2C vous invite à participer à cette formation spécifique à la réalité de gestionnaire en agence pour raffiner vos techniques et ainsi tirer le meilleur de votre équipe de travail. Une offre spéciale pour les membres A2C D’une valeur de 2000&nbsp;$ et subventionnée par le Programme actions concertées pour le maintien en emploi (PACME), cette [&hellip;]
