{"version":"1.0","provider_name":"A2C | Association des Agences de Communication Cr\u00e9ative","provider_url":"https:\/\/a2c.quebec\/en\/","author_name":"\u00c9lise Agrapart","author_url":"https:\/\/a2c.quebec\/en\/author\/e-agrapart\/","title":"Publicit\u00e9 trompeuse et \u00e9coblanchiment. Vert de peur? - A2C | Association des Agences de Communication Cr\u00e9ative","type":"rich","width":600,"height":338,"html":"<blockquote class=\"wp-embedded-content\" data-secret=\"kql3j2k81U\"><a href=\"https:\/\/a2c.quebec\/en\/evenements\/publicitetrompeuseetecoblanchiment\/\">Publicit\u00e9 trompeuse et \u00e9coblanchiment. Vert de peur?<\/a><\/blockquote><iframe sandbox=\"allow-scripts\" security=\"restricted\" src=\"https:\/\/a2c.quebec\/en\/evenements\/publicitetrompeuseetecoblanchiment\/embed\/#?secret=kql3j2k81U\" width=\"600\" height=\"338\" title=\"&#8220;Publicit\u00e9 trompeuse et \u00e9coblanchiment. Vert de peur?&#8221; &#8212; A2C | Association des Agences de Communication Cr\u00e9ative\" data-secret=\"kql3j2k81U\" frameborder=\"0\" marginwidth=\"0\" marginheight=\"0\" scrolling=\"no\" class=\"wp-embedded-content\"><\/iframe><script type=\"text\/javascript\">\n\/* <![CDATA[ *\/\n\/*! This file is auto-generated *\/\n!function(d,l){\"use strict\";l.querySelector&&d.addEventListener&&\"undefined\"!=typeof URL&&(d.wp=d.wp||{},d.wp.receiveEmbedMessage||(d.wp.receiveEmbedMessage=function(e){var t=e.data;if((t||t.secret||t.message||t.value)&&!\/[^a-zA-Z0-9]\/.test(t.secret)){for(var s,r,n,a=l.querySelectorAll('iframe[data-secret=\"'+t.secret+'\"]'),o=l.querySelectorAll('blockquote[data-secret=\"'+t.secret+'\"]'),c=new RegExp(\"^https?:$\",\"i\"),i=0;i<o.length;i++)o[i].style.display=\"none\";for(i=0;i<a.length;i++)s=a[i],e.source===s.contentWindow&&(s.removeAttribute(\"style\"),\"height\"===t.message?(1e3<(r=parseInt(t.value,10))?r=1e3:~~r<200&&(r=200),s.height=r):\"link\"===t.message&&(r=new URL(s.getAttribute(\"src\")),n=new URL(t.value),c.test(n.protocol))&&n.host===r.host&&l.activeElement===s&&(d.top.location.href=t.value))}},d.addEventListener(\"message\",d.wp.receiveEmbedMessage,!1),l.addEventListener(\"DOMContentLoaded\",function(){for(var e,t,s=l.querySelectorAll(\"iframe.wp-embedded-content\"),r=0;r<s.length;r++)(t=(e=s[r]).getAttribute(\"data-secret\"))||(t=Math.random().toString(36).substring(2,12),e.src+=\"#?secret=\"+t,e.setAttribute(\"data-secret\",t)),e.contentWindow.postMessage({message:\"ready\",secret:t},\"*\")},!1)))}(window,document);\n\/* ]]> *\/\n<\/script>\n","thumbnail_url":"https:\/\/a2c.quebec\/wp-content\/uploads\/2025\/05\/mouvement-media-dici-hiver-2025-15.png","thumbnail_width":600,"thumbnail_height":300,"description":"Des changements importants ont \u00e9t\u00e9 apport\u00e9s \u00e0 la Loi sur la concurrence portant explicitement sur les d\u00e9clarations environnementales trompeuses. \u00c0 compter du 20 juin 2025, les parties priv\u00e9es pourront porter plainte directement au Tribunal de la concurrence. Quelle est l\u2019incidence de ces modifications pour les agences et leurs clients? Contenu &nbsp; &nbsp; Une revue des [&hellip;]"}

A2C | Association des Agences de Communication Créative

Élise Agrapart

Publicité trompeuse et écoblanchiment. Vert de peur? - A2C | Association des Agences de Communication Créative

<blockquote class="wp-embedded-content" data-secret="kql3j2k81U"><a href="https://a2c.quebec/en/evenements/publicitetrompeuseetecoblanchiment/">Publicité trompeuse et écoblanchiment. Vert de peur?</a></blockquote><iframe sandbox="allow-scripts" security="restricted" src="https://a2c.quebec/en/evenements/publicitetrompeuseetecoblanchiment/embed/#?secret=kql3j2k81U" width="600" height="338" title="&#8220;Publicité trompeuse et écoblanchiment. Vert de peur?&#8221; &#8212; A2C | Association des Agences de Communication Créative" data-secret="kql3j2k81U" frameborder="0" marginwidth="0" marginheight="0" scrolling="no" class="wp-embedded-content"></iframe><script type="text/javascript">
/* <![CDATA[ */
/*! This file is auto-generated */
!function(d,l){"use strict";l.querySelector&&d.addEventListener&&"undefined"!=typeof URL&&(d.wp=d.wp||{},d.wp.receiveEmbedMessage||(d.wp.receiveEmbedMessage=function(e){var t=e.data;if((t||t.secret||t.message||t.value)&&!/[^a-zA-Z0-9]/.test(t.secret)){for(var s,r,n,a=l.querySelectorAll('iframe[data-secret="'+t.secret+'"]'),o=l.querySelectorAll('blockquote[data-secret="'+t.secret+'"]'),c=new RegExp("^https?:$","i"),i=0;i<o.length;i++)o[i].style.display="none";for(i=0;i<a.length;i++)s=a[i],e.source===s.contentWindow&&(s.removeAttribute("style"),"height"===t.message?(1e3<(r=parseInt(t.value,10))?r=1e3:~~r<200&&(r=200),s.height=r):"link"===t.message&&(r=new URL(s.getAttribute("src")),n=new URL(t.value),c.test(n.protocol))&&n.host===r.host&&l.activeElement===s&&(d.top.location.href=t.value))}},d.addEventListener("message",d.wp.receiveEmbedMessage,!1),l.addEventListener("DOMContentLoaded",function(){for(var e,t,s=l.querySelectorAll("iframe.wp-embedded-content"),r=0;r<s.length;r++)(t=(e=s[r]).getAttribute("data-secret"))||(t=Math.random().toString(36).substring(2,12),e.src+="#?secret="+t,e.setAttribute("data-secret",t)),e.contentWindow.postMessage({message:"ready",secret:t},"*")},!1)))}(window,document);
/* ]]> */
</script>

Des changements importants ont été apportés à la Loi sur la concurrence portant explicitement sur les déclarations environnementales trompeuses. À compter du 20 juin 2025, les parties privées pourront porter plainte directement au Tribunal de la concurrence. Quelle est l’incidence de ces modifications pour les agences et leurs clients? Contenu &nbsp; &nbsp; Une revue des [&hellip;]
