{"version":"1.0","provider_name":"A2C | Association des Agences de Communication Cr\u00e9ative","provider_url":"https:\/\/a2c.quebec\/en\/","author_name":"A2C | Association des Agences de Communication Cr\u00e9ative","author_url":"https:\/\/a2c.quebec\/en\/","title":"S\u00e9ance d'information du DESSCM - A2C | Association des Agences de Communication Cr\u00e9ative","type":"rich","width":600,"height":338,"html":"<blockquote class=\"wp-embedded-content\" data-secret=\"SkSVcXLfJW\"><a href=\"https:\/\/a2c.quebec\/en\/evenements\/seance-dinformation-du-desscm\/\">S\u00e9ance d&#8217;information du DESSCM<\/a><\/blockquote><iframe sandbox=\"allow-scripts\" security=\"restricted\" src=\"https:\/\/a2c.quebec\/en\/evenements\/seance-dinformation-du-desscm\/embed\/#?secret=SkSVcXLfJW\" width=\"600\" height=\"338\" title=\"&#8220;S\u00e9ance d&#8217;information du DESSCM&#8221; &#8212; A2C | Association des Agences de Communication Cr\u00e9ative\" data-secret=\"SkSVcXLfJW\" frameborder=\"0\" marginwidth=\"0\" marginheight=\"0\" scrolling=\"no\" class=\"wp-embedded-content\"><\/iframe><script type=\"text\/javascript\">\n\/* <![CDATA[ *\/\n\/*! This file is auto-generated *\/\n!function(d,l){\"use strict\";l.querySelector&&d.addEventListener&&\"undefined\"!=typeof URL&&(d.wp=d.wp||{},d.wp.receiveEmbedMessage||(d.wp.receiveEmbedMessage=function(e){var t=e.data;if((t||t.secret||t.message||t.value)&&!\/[^a-zA-Z0-9]\/.test(t.secret)){for(var s,r,n,a=l.querySelectorAll('iframe[data-secret=\"'+t.secret+'\"]'),o=l.querySelectorAll('blockquote[data-secret=\"'+t.secret+'\"]'),c=new RegExp(\"^https?:$\",\"i\"),i=0;i<o.length;i++)o[i].style.display=\"none\";for(i=0;i<a.length;i++)s=a[i],e.source===s.contentWindow&&(s.removeAttribute(\"style\"),\"height\"===t.message?(1e3<(r=parseInt(t.value,10))?r=1e3:~~r<200&&(r=200),s.height=r):\"link\"===t.message&&(r=new URL(s.getAttribute(\"src\")),n=new URL(t.value),c.test(n.protocol))&&n.host===r.host&&l.activeElement===s&&(d.top.location.href=t.value))}},d.addEventListener(\"message\",d.wp.receiveEmbedMessage,!1),l.addEventListener(\"DOMContentLoaded\",function(){for(var e,t,s=l.querySelectorAll(\"iframe.wp-embedded-content\"),r=0;r<s.length;r++)(t=(e=s[r]).getAttribute(\"data-secret\"))||(t=Math.random().toString(36).substring(2,12),e.src+=\"#?secret=\"+t,e.setAttribute(\"data-secret\",t)),e.contentWindow.postMessage({message:\"ready\",secret:t},\"*\")},!1)))}(window,document);\n\/* ]]> *\/\n<\/script>\n","thumbnail_url":"https:\/\/a2c.quebec\/wp-content\/uploads\/2016\/03\/desscm-boss.jpg","thumbnail_width":944,"thumbnail_height":944,"description":"Le Dipl\u00f4me d\u2019\u00e9tudes sup\u00e9rieures sp\u00e9cialis\u00e9es en communication marketing (DESSCM) de HEC Montr\u00e9al, en collaboration avec l&#8217;A2C, est en p\u00e9riode de recrutement pour former sa prochaine cohorte qui d\u00e9butera en septembre 2016. Inscrivez-vous \u00e0 la s\u00e9ance d\u2019information au sujet du programme. &nbsp; Celui-ci a sp\u00e9cialement \u00e9t\u00e9 con\u00e7u pour aiguiser votre pens\u00e9e strat\u00e9gique et vous pr\u00e9parer concr\u00e8tement [&hellip;]"}

A2C | Association des Agences de Communication Créative

Séance d'information du DESSCM - A2C | Association des Agences de Communication Créative

<blockquote class="wp-embedded-content" data-secret="SkSVcXLfJW"><a href="https://a2c.quebec/en/evenements/seance-dinformation-du-desscm/">Séance d&#8217;information du DESSCM</a></blockquote><iframe sandbox="allow-scripts" security="restricted" src="https://a2c.quebec/en/evenements/seance-dinformation-du-desscm/embed/#?secret=SkSVcXLfJW" width="600" height="338" title="&#8220;Séance d&#8217;information du DESSCM&#8221; &#8212; A2C | Association des Agences de Communication Créative" data-secret="SkSVcXLfJW" frameborder="0" marginwidth="0" marginheight="0" scrolling="no" class="wp-embedded-content"></iframe><script type="text/javascript">
/* <![CDATA[ */
/*! This file is auto-generated */
!function(d,l){"use strict";l.querySelector&&d.addEventListener&&"undefined"!=typeof URL&&(d.wp=d.wp||{},d.wp.receiveEmbedMessage||(d.wp.receiveEmbedMessage=function(e){var t=e.data;if((t||t.secret||t.message||t.value)&&!/[^a-zA-Z0-9]/.test(t.secret)){for(var s,r,n,a=l.querySelectorAll('iframe[data-secret="'+t.secret+'"]'),o=l.querySelectorAll('blockquote[data-secret="'+t.secret+'"]'),c=new RegExp("^https?:$","i"),i=0;i<o.length;i++)o[i].style.display="none";for(i=0;i<a.length;i++)s=a[i],e.source===s.contentWindow&&(s.removeAttribute("style"),"height"===t.message?(1e3<(r=parseInt(t.value,10))?r=1e3:~~r<200&&(r=200),s.height=r):"link"===t.message&&(r=new URL(s.getAttribute("src")),n=new URL(t.value),c.test(n.protocol))&&n.host===r.host&&l.activeElement===s&&(d.top.location.href=t.value))}},d.addEventListener("message",d.wp.receiveEmbedMessage,!1),l.addEventListener("DOMContentLoaded",function(){for(var e,t,s=l.querySelectorAll("iframe.wp-embedded-content"),r=0;r<s.length;r++)(t=(e=s[r]).getAttribute("data-secret"))||(t=Math.random().toString(36).substring(2,12),e.src+="#?secret="+t,e.setAttribute("data-secret",t)),e.contentWindow.postMessage({message:"ready",secret:t},"*")},!1)))}(window,document);
/* ]]> */
</script>

Le Diplôme d’études supérieures spécialisées en communication marketing (DESSCM) de HEC Montréal, en collaboration avec l&#8217;A2C, est en période de recrutement pour former sa prochaine cohorte qui débutera en septembre 2016. Inscrivez-vous à la séance d’information au sujet du programme. &nbsp; Celui-ci a spécialement été conçu pour aiguiser votre pensée stratégique et vous préparer concrètement [&hellip;]
