{"version":"1.0","provider_name":"A2C | Association des Agences de Communication Cr\u00e9ative","provider_url":"https:\/\/a2c.quebec\/en\/","author_name":"A2C | Association des Agences de Communication Cr\u00e9ative","author_url":"https:\/\/a2c.quebec\/en\/","title":"Webinaires sur le nouveau programme Publicit\u00e9 politique - DAAC - A2C | Association des Agences de Communication Cr\u00e9ative","type":"rich","width":600,"height":338,"html":"<blockquote class=\"wp-embedded-content\" data-secret=\"VfMvgrFtmn\"><a href=\"https:\/\/a2c.quebec\/en\/evenements\/webinaires-sur-le-nouveau-programme-publicite-politique-daac\/\">Webinaires sur le nouveau programme Publicit\u00e9 politique &#8211; DAAC<\/a><\/blockquote><iframe sandbox=\"allow-scripts\" security=\"restricted\" src=\"https:\/\/a2c.quebec\/en\/evenements\/webinaires-sur-le-nouveau-programme-publicite-politique-daac\/embed\/#?secret=VfMvgrFtmn\" width=\"600\" height=\"338\" title=\"&#8220;Webinaires sur le nouveau programme Publicit\u00e9 politique &#8211; DAAC&#8221; &#8212; A2C | Association des Agences de Communication Cr\u00e9ative\" data-secret=\"VfMvgrFtmn\" frameborder=\"0\" marginwidth=\"0\" marginheight=\"0\" scrolling=\"no\" class=\"wp-embedded-content\"><\/iframe><script type=\"text\/javascript\">\n\/* <![CDATA[ *\/\n\/*! This file is auto-generated *\/\n!function(d,l){\"use strict\";l.querySelector&&d.addEventListener&&\"undefined\"!=typeof URL&&(d.wp=d.wp||{},d.wp.receiveEmbedMessage||(d.wp.receiveEmbedMessage=function(e){var t=e.data;if((t||t.secret||t.message||t.value)&&!\/[^a-zA-Z0-9]\/.test(t.secret)){for(var s,r,n,a=l.querySelectorAll('iframe[data-secret=\"'+t.secret+'\"]'),o=l.querySelectorAll('blockquote[data-secret=\"'+t.secret+'\"]'),c=new RegExp(\"^https?:$\",\"i\"),i=0;i<o.length;i++)o[i].style.display=\"none\";for(i=0;i<a.length;i++)s=a[i],e.source===s.contentWindow&&(s.removeAttribute(\"style\"),\"height\"===t.message?(1e3<(r=parseInt(t.value,10))?r=1e3:~~r<200&&(r=200),s.height=r):\"link\"===t.message&&(r=new URL(s.getAttribute(\"src\")),n=new URL(t.value),c.test(n.protocol))&&n.host===r.host&&l.activeElement===s&&(d.top.location.href=t.value))}},d.addEventListener(\"message\",d.wp.receiveEmbedMessage,!1),l.addEventListener(\"DOMContentLoaded\",function(){for(var e,t,s=l.querySelectorAll(\"iframe.wp-embedded-content\"),r=0;r<s.length;r++)(t=(e=s[r]).getAttribute(\"data-secret\"))||(t=Math.random().toString(36).substring(2,12),e.src+=\"#?secret=\"+t,e.setAttribute(\"data-secret\",t)),e.contentWindow.postMessage({message:\"ready\",secret:t},\"*\")},!1)))}(window,document);\n\/* ]]> *\/\n<\/script>\n","thumbnail_url":"https:\/\/a2c.quebec\/wp-content\/uploads\/2019\/08\/350a8842-2-1024x1024.jpg","thumbnail_width":1024,"thumbnail_height":1024,"description":"Cet \u00e9t\u00e9, l\u2019Alliance canadienne de la publicit\u00e9 num\u00e9rique&nbsp;(DAAC) tiendra&nbsp;plusieurs webinaires pour pr\u00e9senter son tout nouveau programme Publicit\u00e9&nbsp;politique. R\u00e9cemment lanc\u00e9, cet outil, qui mise sur la transparence, permet d&#8217;identifier les publicit\u00e9s&nbsp;politiques et de divulguer les informations requises par la Loi \u00e9lectorale du Canada, r\u00e9cemment renforcie. &nbsp; Ce webinaire servira \u00e0 discuter de l&#8217;objectif premier du programme, [&hellip;]"}

A2C | Association des Agences de Communication Créative

Webinaires sur le nouveau programme Publicité politique - DAAC - A2C | Association des Agences de Communication Créative

<blockquote class="wp-embedded-content" data-secret="VfMvgrFtmn"><a href="https://a2c.quebec/en/evenements/webinaires-sur-le-nouveau-programme-publicite-politique-daac/">Webinaires sur le nouveau programme Publicité politique &#8211; DAAC</a></blockquote><iframe sandbox="allow-scripts" security="restricted" src="https://a2c.quebec/en/evenements/webinaires-sur-le-nouveau-programme-publicite-politique-daac/embed/#?secret=VfMvgrFtmn" width="600" height="338" title="&#8220;Webinaires sur le nouveau programme Publicité politique &#8211; DAAC&#8221; &#8212; A2C | Association des Agences de Communication Créative" data-secret="VfMvgrFtmn" frameborder="0" marginwidth="0" marginheight="0" scrolling="no" class="wp-embedded-content"></iframe><script type="text/javascript">
/* <![CDATA[ */
/*! This file is auto-generated */
!function(d,l){"use strict";l.querySelector&&d.addEventListener&&"undefined"!=typeof URL&&(d.wp=d.wp||{},d.wp.receiveEmbedMessage||(d.wp.receiveEmbedMessage=function(e){var t=e.data;if((t||t.secret||t.message||t.value)&&!/[^a-zA-Z0-9]/.test(t.secret)){for(var s,r,n,a=l.querySelectorAll('iframe[data-secret="'+t.secret+'"]'),o=l.querySelectorAll('blockquote[data-secret="'+t.secret+'"]'),c=new RegExp("^https?:$","i"),i=0;i<o.length;i++)o[i].style.display="none";for(i=0;i<a.length;i++)s=a[i],e.source===s.contentWindow&&(s.removeAttribute("style"),"height"===t.message?(1e3<(r=parseInt(t.value,10))?r=1e3:~~r<200&&(r=200),s.height=r):"link"===t.message&&(r=new URL(s.getAttribute("src")),n=new URL(t.value),c.test(n.protocol))&&n.host===r.host&&l.activeElement===s&&(d.top.location.href=t.value))}},d.addEventListener("message",d.wp.receiveEmbedMessage,!1),l.addEventListener("DOMContentLoaded",function(){for(var e,t,s=l.querySelectorAll("iframe.wp-embedded-content"),r=0;r<s.length;r++)(t=(e=s[r]).getAttribute("data-secret"))||(t=Math.random().toString(36).substring(2,12),e.src+="#?secret="+t,e.setAttribute("data-secret",t)),e.contentWindow.postMessage({message:"ready",secret:t},"*")},!1)))}(window,document);
/* ]]> */
</script>

Cet été, l’Alliance canadienne de la publicité numérique&nbsp;(DAAC) tiendra&nbsp;plusieurs webinaires pour présenter son tout nouveau programme Publicité&nbsp;politique. Récemment lancé, cet outil, qui mise sur la transparence, permet d&#8217;identifier les publicités&nbsp;politiques et de divulguer les informations requises par la Loi électorale du Canada, récemment renforcie. &nbsp; Ce webinaire servira à discuter de l&#8217;objectif premier du programme, [&hellip;]
